(h)?
8
Suppose 0 = 5*j - 11*j + 6. Let c(z) = -26*z - 1. Give c(j).
-27
Let b(m) = -m. Let f(w) = w**2 + 2*w - 2. Let k(g) = -b(g) + f(g). Give k(-3).
-2
Let a(v) be the first derivative of -v**3/2 + v**2/2 + 2*v + 2. Let l(p) be the first derivative of a(p). Let h(t) = -3*t - 25. Let f be h(-9). Determine l(f).
-5
Let r(w) = -3*w**2 + 4*w + 7. Let x(i) = -10*i**2 + 12*i + 22. Let a(v) = -16*r(v) + 5*x(v). Let y be (1 - 0)*0 - -9. Suppose -q - 2*q = y. Give a(q).
-8
Let p(w) be the second derivative of -3*w**5/20 - w**4/6 + w**3/6 - w. Let c be (9/6 + -1)*2. Give p(c).
-4
Suppose r + 4*r - 3*t - 13 = 0, t = 4. Let f(u) = -u**2 + 2*u - 7. Let l(h) = 6 - 2*h - h**2 + 0*h + 2*h**2. Let c(a) = r*l(a) + 4*f(a). What is c(2)?
2
Suppose 5*x - 12 - 10 = 3*t, 20 = 4*x - 3*t. Suppose -2*r + 8 = x*r. Let d(s) = -3*s - r*s + 4*s. Calculate d(1).
-1
Let y(m) be the first derivative of -m**4/4 + 2*m**3 - m**2/2 - 4*m + 3. Calculate y(6).
-10
Let t = 0 + 3. Let o(g) = g**t - 5 + 5*g**2 + 5*g + 7 + 0 - 4. Give o(-4).
-6
Suppose -3*n + 20 = 2. Suppose 0 = 3*k - 15, n = -3*y + 2*k - 7. Let j(x) = 8*x - 1. Give j(y).
-9
Let p(o) = -o - 9. Let r(j) = 5*j - 3*j + j**2 - 3 + 0*j. Let g be r(-3). Let b be -1 + g + 0 + -3. Give p(b).
-5
Let h(t) = -13*t + 20. Let u(q) = 3*q - 5. Let m(z) = 2*h(z) + 9*u(z). Determine m(6).
1
Let n be (1 + 0)*(-3 + 3) + 2. Let m(j) = 2*j - 1. Give m(n).
3
Let f(n) = -n**2 - 7*n + 4. Let o be f(-7). Let g(p) be the first derivative of -p**2 + 5*p + 1. Give g(o).
-3
Let l = -35 - -34. Let g(v) = -29*v + 8. Let k(c) = -10*c + 3. Let t(q) = -4*g(q) + 11*k(q). Give t(l).
-5
Suppose -g - 3 + 5 = i, -2*g - 1 = -3*i. Let v(c) = -7*c + 2*c - c - g. Calculate v(1).
-7
Let c(z) = z**2 + z + 1. Let k be c(-1). Let t(v) be the first derivative of -5*v**4/4 + v**3/3 + v**2/2 - v - 1. Give t(k).
-4
Let r(b) = -b**2 + 5*b - 1. Let m(j) = 2*j**2 - 6*j + 1. Let i(z) = 2*m(z) + 3*r(z). Determine i(-3).
-1
Suppose 2*p = -p - 12. Let b(h) = h**2 + 11*h + 6. Let o(l) = -2*l**2 - 23*l - 12. Let r be 1/(-2*(-2)/(-52)). Let q(y) = r*b(y) - 6*o(y). What is q(p)?
-2
Suppose 0 = -p + 2*p. Suppose p = -2*o - 3*q - 3, o - 2*q - 2 = -4*o. Let v(j) = -2*j - 1 + 5*j + o*j. Calculate v(3).
8
Suppose n + 25 = -4*n. Let q be -1*(-1)/2*0. Let w(y) = 1 + y + 5 + q - 4. Give w(n).
-3
Suppose -u + 0*u = -3. Let f(x) = -5*x + x**3 + 9 + 11 - 16 + 0*x**2 - 2*x**2. Give f(u).
-2
Let q(y) = -2*y + 5. Let b = 43 - 39. Give q(b).
-3
Let d(q) = q**2 + 16*q + 18. Let r be d(-15). Let z(f) be the first derivative of -f**2 - 3*f - 2. Determine z(r).
-9
Suppose -3*w = g - 3*g - 1, 2*w = 4*g - 2. Let t(s) = 8 - 1 - s - 1 + s**2 - 7*s**3 - 5. What is t(g)?
-6
Let u = 275 - 274. Let y(q) be the third derivative of q**7/1008 - q**6/720 - q**5/60 - q**2. Let i(x) be the third derivative of y(x). Calculate i(u).
4
Let d(r) = 3*r**3 + 9*r**2 - 2*r. Let o(l) = -l**3 - l**2. Let x(u) = d(u) + 4*o(u). Calculate x(2).
8
Let b(s) be the second derivative of 7*s**5/10 + s**4/6 - s**2/2 - 10*s. Determine b(-1).
-13
Suppose -5*h - 24 = -h. Let z(s) = s - 1. What is z(h)?
-7
Let z(y) = -7*y - 1. Let b(j) = -4*j - 1. Let n(m) = -5*b(m) + 3*z(m). Let i be n(6). Let d(q) = -3*q. What is d(i)?
12
Let l(p) = -7 - p**2 - 4*p**2 - 6*p**2 + 6*p. Let w(j) = 12*j**2 - 7*j + 8. Let k(s) = -7*l(s) - 6*w(s). Let h be (-4 - -3)*1 - 0. Calculate k(h).
6
Let b(a) = 17*a + 1. Suppose -2*d + 0*d - 4 = 0, 3*d + 8 = -2*t. Calculate b(t).
-16
Suppose 8*b - 3*b = 0. Let y(f) = b*f**3 - f**3 + 5*f + 0*f**3 - 4*f**2 + 3 + f**2. Determine y(-4).
-1
Let o be 18 + 0 + 2 + 2. Let m be (-62)/o + 12/(-66). Let w(r) = -2*r - 1. Determine w(m).
5
Let h(y) = y**3 + y**2 + 3*y + 2. Let n be (-11)/3 - (-2)/(-6). Let l(i) = i**3 + 4*i + 3. Let p(g) = n*h(g) + 3*l(g). Calculate p(-4).
1
Let c(a) be the first derivative of -7*a**2 + a - 1. Calculate c(1).
-13
Let n(b) = -b**2 - 2*b. Let v be n(-1). Let o(i) = 6*i. Determine o(v).
6
Let x(f) = -f**2 - 6*f - 2. Let m(g) be the first derivative of -g**4/4 - 7*g**3/3 + 5*g**2 + 12*g - 1. Let h be m(-8). Give x(h).
6
Let r = -4 - -6. Let f(q) = 1 + 0*q - q**2 - 2*q + 4*q**r - q**3. Let l be (-1 + 6)/1 + (-12)/4. What is f(l)?
1
Suppose -3*o + t = -15, -9 = -o - 2*t + t. Let m(l) = -l - 1. Calculate m(o).
-7
Let i(h) = 0*h - h + 4 + 10*h + 2 + h**2. Determine i(-8).
-2
Let x(r) = 3*r**2 - 4*r**2 - r - 10 - 19 + 28. Calculate x(-2).
-3
Suppose -i = -5*i - 56. Let u = i + 11. Let l(y) = y**2 + y - 3. Give l(u).
3
Suppose -3 = 9*m - 4*m + 3*a, -a - 1 = -5*m. Let g(r) = -2*r + 4 - 1 + 0*r + 3*r. Give g(m).
3
Let t(j) = 2. Let a(p) = -p - 5. Let d(r) = 3*a(r) + 8*t(r). Calculate d(4).
-11
Let s(d) = -3*d**2 + d - 1. Suppose -2*g + 10 = 4*x, 25 = 5*x + 5*g + 5. Determine s(x).
-3
Let l(h) = 2 - 3*h + 0 + 6*h + 2. Let t(d) = -d + 3. Let u be t(7). Determine l(u).
-8
Let l(z) = -11*z. Let h(n) = n**2 - 5*n + 4. Let r be h(3). Let o(k) = k + 1. Let j be o(r). Give l(j).
11
Let v(h) = -8*h - 11. Suppose 4*b + 5*n = -38, -2*b - 7 - 13 = 3*n. Let k(r) = -7*r - 10. Let y(w) = b*k(w) + 6*v(w). Determine y(3).
7
Suppose -25 = -3*x + 4*v, 2*x + 3*v - 20 = -9. Let k(l) = -l - 2. Calculate k(x).
-9
Let d(s) = 46*s + 3 + 2 - 1 - 43*s. Determine d(-4).
-8
Let v = 8 - 5. Let r(j) = 3*j - j - 5 + 1 + v. Determine r(-3).
-7
Let q(f) = -f**2 - f - 1. Let i(k) be the first derivative of -2*k**3 + k - 3. Let l be i(1). Let r = l + 5. Calculate q(r).
-1
Let z be 0/(-1 - 2) - (-1 - 0). Let j(u) = 3*u**3 - u**2 - u + 1. Determine j(z).
2
Let f(d) = d**2 - 5*d - 5. Let v be f(5). Let u be ((-14)/10 - -1)*v. Let z be ((-6)/9)/(u/3). Let j(c) = -6*c + 1. Give j(z).
7
Let n(t) = -7*t - 3. Let a be (8 - 4)/((-4)/(-6)). Let p(o) = 15*o + 6. Let u(w) = a*p(w) + 13*n(w). What is u(3)?
-6
Let q(l) = 2*l - 4. Let j(c) = -c**3 - 3*c**2 - 4. Let a be j(-3). Let u = -8 - a. Let r be (-4)/u - (-4 + 1). What is q(r)?
4
Let a be -6*((-15)/10 + (-34)/(-12)). Let k(h) = -2*h - 9. Give k(a).
7
Let v(m) = -1. Let a(g) = -g + 3. Let s(c) = a(c) + 2*v(c). Let l(h) = -2*h + 2. Let k(r) = -2*l(r) + 5*s(r). Determine k(-5).
6
Let i(u) = -21 + 4 + 6 + 10 + u**3. Give i(0).
-1
Let v(n) be the third derivative of n**4/3 + 13*n**2. Calculate v(2).
16
Suppose -l + 2 = -0*l. Let s(j) = 5*j - j + 1 - 3*j - l*j. Determine s(-5).
6
Let b be (2 - (-112)/(-52)) + (-402)/(-78). Let r(z) = -4*z + 4. Determine r(b).
-16
Let w(n) = 2*n**3 + 4*n**2 + 3*n + 1. Let z be (-8)/4*(-2)/(-4). Suppose 2*k + 21 = 5*s, -3*k - 3*s = s - 3. Let q = k - z. Calculate w(q).
-5
Suppose 4*g + t + 2*t = 39, -g = 3*t - 21. Let j(p) = -p**2 - 1. Let q(i) = -4*i**2 - 4*i - 7. Let o(y) = 5*j(y) - q(y). What is o(g)?
-10
Let y(w) = -3*w**2 - 4*w + 6. Let j(h) = 2*h**2 + 3*h - 5. Let i(s) = -4*j(s) - 3*y(s). Give i(2).
6
Let t(n) be the second derivative of 2/3*n**3 + n + 1/2*n**2 + 0. Calculate t(-2).
-7
Let q(k) = k**2 - 4*k + 2. Let y = 25 + -14. Let z = y - 8. Give q(z).
-1
Let b(o) = o**2 + o + 1. Let g(c) = -c**2 - 2*c. Let p(u) = 3*b(u) + 2*g(u). What is p(4)?
15
Let c(n) = -n**3 - 3*n**2 + 7*n + 6. Let x(p) = 2*p - 6. Let k = 9 + -4. Let r be x(k). Suppose o = -3*j - 12, -r*j = o - 2*o + 16. Determine c(j).
-6
Suppose -c + 2*p - 2 = 0, -5*p = 3*c + 33 + 6. Let b = c - -16. Let y(g) = b*g**2 + 0 + 6 - 7*g**2 - 5*g. What is y(5)?
6
Let c(g) = -6*g + 1. Let p(t) = -2*t + 10. Let f be p(8). Let b be ((-1)/((-3)/f))/2. Determine c(b).
7
Let y be 3/12 - (-14)/8. Suppose -o + 1 - 2 = -y*s, -2*s = -2. Let p(z) = 0 - o + 0 - 2*z**2 + 6*z. Calculate p(4).
-9
Let o(c) = c**3 + 4*c**2 + 2*c - 3. Let l(g) = -g**3 + 4*g**2 + 5*g + 2. Let a be l(5). Suppose -a*k - 4*h + 9*h - 1 = 0, -k - h - 4 = 0. Calculate o(k).
0
Suppose 166 - 170 = 4*g. Let w(p) be the first derivative of 2*p**4 - 2*p**3/3 - p**2/2 + 1. Give w(g).
-9
Let w(c) = -6 + 4*c - 3*c + 11. Give w(8).
13
Let b(s) be the third derivative of 1/10*s**5 - 5/24*s**4 + 0 + 0*s - 3*s**2 - 1/120*s**6 - 5/6*s**3. Calculate b(5).
-5
Let g(n) = 1 + 2*n + 5 - n. Let j be g(-4). Let m(b) = -2 + 4 + 0 - b - b**3 + b**2. Calculate m(j).
-4
Suppose -i = -3 + 1. Suppose -5*g = -3*a - 21, 3*g - 4 = -a + 3. Let h(d) = -d**i - 5 - g*d**2 - 2*d**2 + 7*d + d**3. Calculate h(5).
5
Let c(o) = o**2 + 2*o - 7. Suppose 3*z + g + 30 = 4*g, z + 5*g = 20. 